-4607303
-11526641 (base 7) to base 11
-645735
64efac (base 16) to base 14
c429ac
What is -31038 (base 12) in base 3?
-10020202122
What is -254750 (base 12) in base 9?
-1127746
101001110000101001 (base 2) to base 14
4649b
162bbb5 (base 13) to base 8
33165107
-3a9974 (base 11) to base 16
-9ce98
Convert 101110011100001011001001 (base 2) to base 13.
26a3286
Convert 107723 (base 10) to base 2.
11010010011001011
What is 78049 (base 11) in base 6?
2232004
What is -1111101011010101010 (base 2) in base 3?
-222002200011
What is 3108931 (base 12) in base 15?
c22661
-1478116 (base 10) to base 3
-2210002121001
Convert 581027 (base 10) to base 14.
111a5d
5554366 (base 7) to base 14
13bd36
What is -1577301 (base 8) in base 9?
-767760
What is 46750755 (base 8) in base 15?
d6aad1
Convert -18067a2 (base 11) to base 9.
-5686674
-3044144 (base 5) to base 6
-1023044
Convert -889907 (base 11) to base 13.
-3a891c
1200687 (base 9) to base 13
199ba0
4b516 (base 13) to base 16
2200b
-1154 (base 13) to base 3
-10100012
What is -257833 (base 9) in base 10?
-156684
-1270601 (base 8) to base 13
-c64b4
537777 (base 8) to base 9
304187
What is 678966 (base 14) in base 5?
1400112122
What is -423c (base 15) in base 4?
-3122313
Convert 10142047 (base 8) to base 9.
4032563
What is -4664662 (base 8) in base 5?
-311202432
912838 (base 10) to base 11
573913
17342126 (base 8) to base 12
143269a
Convert -3590bc (base 15) to base 3.
-11211011010120
23154441 (base 6) to base 9
1308867
What is 1e95b (base 15) in base 6?
2050522
What is -3a4367 (base 12) in base 2?
-11101010101011111111
Convert -15120574 (base 8) to base 3.
-20111020102121
What is bb3148 (base 13) in base 15?
5c03ae
-669d1b (base 15) to base 6
-252514142
-202120302 (base 4) to base 13
-4c158
-485714 (base 13) to base 5
-420211340
199d35 (base 15) to base 4
10300301132
207a922 (base 11) to base 15
4c46c2
-120422 (base 14) to base 13
-1871ab
Convert 304101020 (base 5) to base 6.
42305443
20232132 (base 4) to base 3
1211000210
What is 2055534 (base 6) in base 7?
600451
Convert d34981 (base 14) to base 13.
162390c
What is -135360442 (base 7) in base 14?
-1275492
Convert -2102133343 (base 5) to base 9.
-8134518
What is -286463 (base 11) in base 2?
-1101101010100011001
What is 5531310 (base 6) in base 15?
56d53
-94959 (base 13) to base 5
-32024212
What is -303261 (base 9) in base 7?
-1345321
What is 132a849 (base 11) in base 3?
11022202201020
Convert 102083 (base 13) to base 15.
7652e
What is -7675333 (base 8) in base 14?
-3b9bbd
1c5b9 (base 15) to base 10
92424
Convert -356384 (base 10) to base 8.
-1270040
11222200 (base 4) to base 6
255224
60bdc (base 14) to base 6
4553554
Convert -66a034 (base 14) to base 15.
-48c886
-151364 (base 14) to base 10
-733324
Convert 101001101001111111101 (base 2) to base 15.
1be694
What is 7d4257 (base 16) in base 10?
8208983
Convert 249671 (base 11) to base 16.
600e9
What is -61073 (base 10) in base 6?
-1150425
Convert 112132013230 (base 4) to base 5.
3001444130
What is 94a46 (base 11) in base 16?
21c71
Convert 63560 (base 12) to base 10.
130392
Convert 784a90 (base 11) to base 16.
13172e
What is 1101010111101000 (base 2) in base 16?
d5e8
Convert -2465513 (base 7) to base 10.
-318902
1101010001100100111 (base 2) to base 10
434983
What is 3c2719 (base 13) in base 15?
1dd3aa
Convert -54534115 (base 6) to base 13.
-450bb4
-19979 (base 16) to base 15
-210d5
Convert 20d35d (base 14) to base 9.
2074325
219500 (base 11) to base 6
11253131
-4881c (base 15) to base 14
-60435
Convert -48aa6 (base 11) to base 9.
-116675
What is -8662435 (base 9) in base 12?
-16812a2
What is 36a78 (base 11) in base 2?
1100111111010100
What is -12913 (base 10) in base 8?
-31161
Convert 880265 (base 13) to base 11.
1895712
Convert 12562671 (base 8) to base 7.
32616162
-1635606 (base 7) to base 13
-7c851
Convert -2b97b1 (base 12) to base 16.
-b5435
What is 212632 (base 9) in base 13?
4583c
Convert -144020523 (base 6) to base 11.
-1761565
-47a8f (base 16) to base 15
-5be7e
Convert 4a23a (base 13) to base 11.
936a3
What is 21001432 (base 5) in base 14?
46a21
What is 602088 (base 11) in base 4?
3230211220
2c493 (base 14) to base 4
123001101
What is 112164224 (base 7) in base 6?
402542155
What is 3121122321 (base 4) in base 13?
252471
What is -1270252 (base 9) in base 2?
-10101001110101111011
Convert -cb4061 (base 14) to base 2.
-11010010001100001100101
Convert -329c28 (base 14) to base 16.
-1a348c
Convert 4c786 (base 13) to base 9.
235577
-134422012 (base 5) to base 11
-43a064
What is -22430 (base 10) in base 12?
-10b92
What is -44e16d (base 15) in base 4?
-30202220122
-101301033132 (base 4) to base 16
-4713de
-750238 (base 13) to base 15
-3927b1
Convert 10022102020021 (base 3) to base 14.
33b567
Convert 7547205 (base 9) to base 16.
3dbffe
-531780 (base 13) to base 7
-22352253
What is -605563 (base 7) in base 8?
-310677
Convert 22101001120 (base 3) to base 16.
283bc
Convert -1110111011101101 (base 2) to base 10.
-61165
Convert 12332212202 (base 4) to base 16.
1be9a2
Convert -1010111010000110110 (base 2) to base 12.
-152a1a
What is 11110111111000100110 (base 2) in base 12?
40b6b2
144221422 (base 6) to base 7
34352324
-1641623 (base 7) to base 5
-24304444
-27ae8 (base 15) to base 5
-13033333
What is -1a13e (base 16) in base 5?
-11404224
-b4f4 (base 16) to base 3
-2100112201
What is -2102022112 (base 4) in base 5?
-123124203
Convert -8678012 (base 9) to base 13.
-c70c94
Convert 2112021212022 (base 3) to base 10.
1344176
Convert -302a72 (base 14) to base 10.
-1621020
What is 1454320 (base 6) in base 9?
138813
-142199 (base 10) to base 11
-97922
11335454 (base 7) to base 12
403192
Convert 949196 (base 12) to base 2.
1000111010110111000010
Convert 421027 (base 10) to base 14.
ad615
-95867 (base 14) to base 4
-1120022203
-90430 (base 11) to base 4
-200102332
What is 10635251 (base 9) in base 15?
6be1d4
-c37ea (base 16) to base 14
-16bb62
-10233314 (base 5) to base 14
-23857
40043551 (base 6) to base 15
173877
Convert -1220221201100 (base 3) to base 4.
-3321221310
Convert 152512161 (base 7) to base 5.
10103030103
What is -1253a17 (base 12) in base 13?
-98ab14
What is 1112815 (base 14) in base 11?
464133a
Convert 3434621 (base 7) to base 6.
13110215
What is -31002070 (base 8) in base 14?
-c28a36
Convert 3abc0 (base 14) to base 2.
100011011001110100
Convert -11100111000110001011101 (base 2) to base 8.
-34706135
What is 57212 (base 13) in base 12?
778b5
What is 12150323 (base 6) in base 15?
79cbc
114405145 (base 6) to base 8
10236571
What is 421a89 (base 11) in base 10?
676124
-4413243 (base 7) to base 12
-221373
What is 230320 (base 6) in base 15?
5be0
327474 (base 13) to base 16
121d4f
Convert 618654 (base 9) to base 11.
230999
-10200221012 (base 4) to base 5
-300313103
-435470 (base 10) to base 4
-1222110032
-111120221220020 (base 3) to base 13
-165b7a5
What is -1c6ca (base 16) in base 13?
-40cbb
What is 22164201 (base 7) in base 6?
105014020
Convert a9770 (base 11) to base 13.
5768b
2001200022210 (base 3) to base 7
12213054
Convert 2070 (base 14) to base 6.
41510
What is 2ea626 (base 15) in base 2?
1000101000011001101100
Convert 2202220220200 (base 3) to base 12.
5b1500
What is -3604536 (base 7) in base 14?
-bbd8d
Convert 110001111111010011 (base 2) to base 14.
54895
-138cd (base 16) to base 9
-131754
Convert -952b9 (base 14) to base 6.
-11414431
Convert -2b60 (base 15) to base 11.
-6aa9
2003422 (base 6) to base 4
112332212
32278 (base 10) to base 5
2013103
What is -2243037 (base 11) in base 2?
-1110111110111100001101
What is 11010101100000110001001 (base 2) in base 4?
122230012021
What is 10202121022 (base 3) in base 9?
122538
Convert -4423140142 (base 5) to base 8.
-44436265
Convert -274353 (base 10) to base 14.
-71da9
Convert 237413 (base 10) to base 4.
321331211
Convert 43024 (base 7) to base 9.
15544
Convert -cc07d7 (base 16) to base 12.
-458a073
-2a5a29 (base 12) to base 11
-449325
-15530434 (base 7) to base 3
-2211101001211
What is 36a64 (base 15) in base 11?
10a099
What is -215996 (base 10) in base 6?
-4343552
Convert -109883 (base 12) to base 3.
-111111101100
Convert 110100100000110000011 (base 2) to base 6.
100514123
Convert -29287a9 (base 13) to base 9.
-26532368
Convert 11255031 (base 8) to base 16.
255a19
-53523 (bas